3*a - 1. What is f(2)?
5
Let d(q) = 4*q + 74. Give d(-21).
-10
Let z(h) = h**3 + 11*h**2 - 10*h + 15. Calculate z(-12).
-9
Let p(d) = -d**2 + 6*d + 47. What is p(15)?
-88
Let b(i) = i**3 - 8*i**2 - 4*i + 17. Calculate b(7).
-60
Let w(l) = l**3 - 10*l**2 - 12*l - 4. Determine w(11).
-15
Let p(s) = 3*s**3 - s**2 - s. Give p(-1).
-3
Let w(b) = -44*b + 46. Calculate w(1).
2
Let y(r) = -r**2 + r + 2. Determine y(3).
-4
Let k(u) = -u**2 - 14*u + 28. Determine k(-16).
-4
Let f(j) = -2*j + 16. Give f(29).
-42
Let f(w) = -w**3 - 20*w**2 + 44*w + 2. Give f(-22).
2
Let p(q) = -2*q**2 - 59*q - 115. Give p(-28).
-31
Let p(u) = -5*u**3 + 2*u**2 + u - 2. Calculate p(1).
-4
Let r(f) = f**2 + 17*f + 22. What is r(-16)?
6
Let t(h) = 2*h**3 + 11*h**2 - 9*h - 8. Calculate t(-6).
10
Let c(b) = -b**2 - 22*b - 105. Calculate c(-7).
0
Let z(a) = a**3 - 31*a + 27. Determine z(5).
-3
Let i(c) = -7*c - 80. What is i(-10)?
-10
Let t(h) = 2*h**2 - 12*h + 19. Calculate t(8).
51
Let u(z) = -z**3 - 9*z**2 + 23*z + 17. Give u(-11).
6
Let u(z) = 2*z**3 - 5*z**2 - 3*z - 1. Calculate u(4).
35
Let q(k) = -2*k**2 + 31*k - 115. Calculate q(9).
2
Let v(o) = o**3 + 6*o**2 - 18*o - 17. What is v(-8)?
-1
Let q(d) = -10*d - 24. Give q(-2).
-4
Let p(v) = 4*v**2 - 9*v + 5. What is p(4)?
33
Let y(s) = 3*s + 5. Determine y(-5).
-10
Let d(q) = -26*q + 79. Determine d(3).
1
Let f(w) = -w**3 - 4*w**2 + 12*w + 50. Determine f(-4).
2
Let x(y) = -y**3 - 21*y**2 - 18*y + 46. Calculate x(-20).
6
Let f(b) = -b**2 + 27*b - 22. Determine f(17).
148
Let h(y) = 3*y - 34. What is h(11)?
-1
Let l(k) = -8*k - 31. Calculate l(-6).
17
Let k(n) = -n**3 + 9*n**2 - 6*n - 6. What is k(8)?
10
Let d(l) = -l**2 - 13*l + 19. Give d(-14).
5
Let x(o) = -o**3 - 11*o**2 + 5*o + 23. Calculate x(-11).
-32
Let z(t) = -30*t**2 + 213*t - 16. Calculate z(7).
5
Let c(r) = 19*r**2 - 2*r - 1. Give c(-1).
20
Let z(u) = -4*u - 4. Determine z(-4).
12
Let l(n) = -n**2 - 5*n - 2. Calculate l(-7).
-16
Let f(a) = 2*a + 3. Determine f(-8).
-13
Let d(a) = -3*a + 1. What is d(-5)?
16
Let x(b) = 34*b**2 - 2*b - 1. Calculate x(-1).
35
Let y(h) = -h**3 + h**2 - 15*h + 22. Give y(2).
-12
Let y(c) = -c**2 + 6*c - 20. Calculate y(6).
-20
Let s(g) = g**3 - 17*g**2 + 44*g - 9. Determine s(14).
19
Let n(s) = 2*s**2 + 3*s - 68. What is n(-7)?
9
Let d(q) = q**3 + 4*q**2 - 4*q + 12. Calculate d(-5).
7
Let z(u) = -5*u - 5. Determine z(4).
-25
Let o(x) = x**2 + 17*x - 6. Give o(-17).
-6
Let y(s) = -s**2 - 9*s - 21. Calculate y(0).
-21
Let x(z) = z**2 - 4*z - 271. What is x(-15)?
14
Let r(d) = -6*d + 1. What is r(4)?
-23
Let j(i) = i**3 - 11*i**2 + 8*i + 3. What is j(10)?
-17
Let p(h) = h - 9. Determine p(9).
0
Let f(a) = a**2 - 7*a - 13. Calculate f(-4).
31
Let y(l) = l**2 - 16*l - 16. Give y(16).
-16
Let h(g) = -g**3 + 9*g**2 - 24*g + 40. What is h(6)?
4
Let s(x) = x - 8. Give s(4).
-4
Let o(k) = k**2 + 12*k - 5. Determine o(-10).
-25
Let q(i) = -26*i + 18. Calculate q(2).
-34
Let s(p) = -3*p + 17. Calculate s(7).
-4
Let j(f) = f**3 - 13*f**2 + 41*f + 7. Determine j(6).
1
Let k(d) = -d**3 + 7*d**2 - 5*d - 5. Calculate k(5).
20
Let u(z) = -12*z + 71. Calculate u(6).
-1
Let l(s) = -2*s**3 + 1. Determine l(2).
-15
Let r(b) = b**3 - 17*b**2 + 17*b - 18. Determine r(16).
-2
Let u(l) = -l**3 - 5*l**2 + 34*l - 6. What is u(-9)?
12
Let o(s) = -16*s. Calculate o(-2).
32
Let h(c) = -3*c - 3. Give h(4).
-15
Let s(r) = -17*r**2 - 3*r + 2. Calculate s(1).
-18
Let r(m) = 62*m - 328. What is r(5)?
-18
Let r(f) = -2*f - 10. Determine r(-6).
2
Let a(v) = -2*v - 25. Give a(-11).
-3
Let f(z) = -9*z**2 + 37*z + 26. Give f(5).
-14
Let n(g) = -g**2 - 6*g - 4. Determine n(-7).
-11
Let m(l) = -81*l - 399. Determine m(-5).
6
Let n(q) = -5*q + 13. Determine n(-8).
53
Let r(k) = k**3 + 6*k**2 + 7*k - 1. Give r(-5).
-11
Let n(v) = 2*v**3 + 20*v**2 - 49*v - 11. Give n(-12).
1
Let g(o) = -2*o + 14. What is g(7)?
0
Let g(o) = -o**3 - 12*o**2 - 26. Determine g(-12).
-26
Let q(v) = 6*v - 1. Give q(2).
11
Let i(d) = 36*d + 636. Determine i(-18).
-12
Let i(k) = -5*k**2 - 5*k + 7. Determine i(4).
-93
Let t(s) = -2*s + 33. What is t(0)?
33
Let n(k) = k**3 + 16*k**2 - 15*k + 37. Calculate n(-17).
3
Let i(k) = -k**3 - 5*k**2 + 4*k + 6. What is i(-4)?
-26
Let p(h) = h**2 + h - 3. Calculate p(-4).
9
Let g(i) = i**2 - 15*i + 17. Determine g(13).
-9
Let n(z) = -z**2 + 2. Calculate n(2).
-2
Let n(z) = -2*z - 22. Give n(-8).
-6
Let j(w) = -w**3 - 8*w**2 - 7*w - 6. Give j(-7).
-6
Let f(r) = -r + 9. Calculate f(10).
-1
Let g(c) = -c**3 + 19*c**2 + 22*c - 23. Determine g(20).
17
Let a(y) = -y**3 + 6*y**2 + 6*y + 8. What is a(7)?
1
Let q(y) = 13*y**2 - 1. Give q(-1).
12
Let v(a) = -11*a + 72. What is v(8)?
-16
Let p(l) = l**3 + 5*l**2 - 7*l + 3. Calculate p(-6).
9
Let y(w) = w**3 + 8*w**2 - 18*w + 19. What is y(-10)?
-1
Let j(f) = 2*f + 8. Give j(9).
26
Let w(i) = i**2 - i - 1. What is w(7)?
41
Let b(f) = -f**3 - 11*f**2 + f + 5. What is b(-11)?
-6
Let m(o) = o + 26. Calculate m(-21).
5
Let d(i) = i**2 - 13*i - 10. What is d(11)?
-32
Let m(a) = -3*a**2 + 1. Determine m(-4).
-47
Let w(q) = q**3 + q**2 - q. Give w(-1).
1
Let q(v) = 28*v + 82. Determine q(-3).
-2
Let r(b) = -2*b**2 + 22*b - 32. Give r(14).
-116
Let g(b) = -b**3 - 18*b**2 - 15*b + 23. Calculate g(-17).
-11
Let x(i) = 2*i**2 + 12*i - 24. Give x(-10).
56
Let u(x) = x + 6. Determine u(-6).
0
Let n(r) = -r**2 - 2*r - 19. Give n(6).
-67
Let d(h) = 19*h - 105. Calculate d(8).
47
Let x(q) = -3*q**2 + 2*q - 2. Determine x(4).
-42
Let g(h) = 20*h - 2. What is g(1)?
18
Let x(d) = -2*d**2 + 23*d - 42. What is x(7)?
21
Let w(g) = -g**3 - 40*g**2 - 39*g - 2. What is w(-39)?
-2
Let d(a) = 2*a**3 + 40*a**2 - 2*a - 33. Calculate d(-20).
7
Let y(g) = g**2 + 10*g - 16. What is y(-9)?
-25
Let f(j) = -j**3 - 9*j**2 - 9*j - 9. What is f(-6)?
-63
Let r(y) = 8*y**3 + y**2 - y. Give r(2).
66
Let d(b) = -b**2 + b + 7. What is d(3)?
1
Let s(q) = -109*q**2. Determine s(1).
-109
Let b(k) = -34*k - 375. Calculate b(-11).
-1
Let w(u) = -25*u + 1. What is w(-1)?
26
Let z(o) = o**2 - o - 2. What is z(6)?
28
Let p(y) = -2*y**2 - 13*y + 91. Determine p(-11).
-8
Let x(a) = -3*a - 20. Give x(-4).
-8
Let n(b) = -b + 1. What is n(-6)?
7
Let i(c) = c**3 - 13*c**2 + 2*c - 20. What is i(13)?
6
Let h(v) = v**3 + 6*v**2 + 7*v + 7. Give h(-4).
11
Let q(c) = -4*c. Determine q(-5).
20
Let d(t) = -90*t**2 + 4*t. Calculate d(1).
-86
Let h(c) = -c**3 + 16*c**2 - 16*c + 18. Determine h(15).
3
Let l(y) = -y + 12. Give l(-5).
17
Let m(w) = 6*w - 1. Give m(-4).
-25
Let u(i) = -i**3 - 15*i**2 - 24*i - 23. Determine u(-13).
-49
Let f(t) = 3*t**2 - 27*t + 60. Determine f(3).
6
Let t(j) = 5*j**2 - 17*j - 16. What is t(-1)?
6
Let m(s) = -3*s**2 - 6*s + 7. Calculate m(3).
-38
Let c(q) = q**2 + 13*q + 10. Calculate c(-13).
10
Let y(n) = n**2 - 14*n - 11. Determine y(14).
-11
Let n(h) = h**2 + 18*h - 20. Give n(-20).
20
Let k(y) = 3*y - 16. What is k(15)?
29
Let f(x) = -2*x - 46. Determine f(-29).
12
Let n(y) = -2*y**3 + 5*y**2 + 26*y - 7. Calculate n(-3).
14
Let g(r) = -r**3 - 13*r**2 + 13*r + 25. Calculate g(-14).
39
Let r(z) = -z - 18. Calculate r(-5).
-13
Let y(z) = z**3 + 3*z**2 - 10*z. What is y(3)?
24
Let f(s) = -7*s + 254. Determine f(35).
9
Let y(u) = 3*u + 29. Determine y(-6).
11
Let w(n) = n**2 + 13*n - 23. Determine w(-14).
-9
Let c(i) = i**2 - 12*i + 14. What is c(7)?
-21
Let z(q) = 11*q**2 - 3*q - 1. What is z(-1)?
13
Let f(z) = 20*z - 292. What is f(15)?
8
Let c(f) = 42*f**2 + 3*f + 2. Give c(-1).
41
Let y(c) = 4*c - 1. Calculate y(5).
19
Let j(n) = 4*n - 5. What is j(5)?
15
Let o(m) = -2*m**3 + 5*m**2 - 14. Give o(3).
-23
Let i(p) = -19*p - 97. Determine i(-4).
-21
Let r(l) = -6*l + 6. Calculate r(1).
0
Let m(k) = -k**2 - 10*k - 8. Give m(-11).
-19
Let b(x) = 4*x**2 + 6*x + 12. What is b(-3)?
30
Let y(b) = -2*b - 17. What is y(7)?
-31
Let q(l) = -l**3 + 3*l**2 - 7*l + 3. Determine q(3).
-18
Let m(g) = -g**3 - 7*g**2 - 6*g. Calculate m(-6).
0
Let q(s) = s**3 + 3*s**2 - 6. Give q(-3).
-6
Let y(r) = 148*r**2 - 8*r - 9. Calculate y(-1).
147
Let l(m) = -m**2 + 5*m - 1. Calculate l(-4).
-37
Let a(v) = -v. Give a(-12).
12
Let o(s) = -14*s - 270. Give o(-20).
10
Let k(w) = -w**3 + 10*w**2 - 8*w - 7. What is k(9)?
2
Let t(m) = m**3 + 3*m**2 - 11*m + 5. Give t(2).
3
Let x(l) = -l**3 - 